/22 a prime number?
False
Let v be (4 - 77/21)*-18. Is (-19)/((-76)/v)*33244/(-6) a composite number?
False
Let h(s) = s**2. Let l(m) = -119*m**2 - 3*m - 9. Suppose 2*b + 2 = -p + 1, -3*b = -2*p - 2. Let c(r) = p*l(r) + 3*h(r). Is c(-4) prime?
True
Let z(r) = -14*r - 11*r - 63 + 83 + 34*r - 8*r. Suppose -2*o = -4*v - 26, 3*o - v - 80 + 16 = 0. Is z(o) a prime number?
True
Let t = 14 - 11. Suppose 0*y + 10290 = 5*q + 5*y, 0 = -t*q + 3*y + 6168. Let r = q - 940. Is r a prime number?
True
Let b = -567 - -617. Suppose -31*a - 222205 = -b*a. Is a a composite number?
True
Suppose -3*l + 90 = -5*v, 2*l + 3*v - 8*v = 65. Suppose l*g - 50763 = 20762. Is g a composite number?
False
Suppose 6*i - 671 = 2*i + 5*g, 2*g = i - 167. Suppose -t = -w - 161 - i, 2*w - 1302 = -4*t. Suppose -4*f = -2*f - 4, t = k - 2*f. Is k composite?
False
Let x be -2*(96/(-160))/((-4)/(-27890)). Suppose -4*n + x = 5*j, 6299 = 3*n - 8*j + 7*j. Is n a prime number?
False
Let s = 11398 - 4735. Is s composite?
True
Let r = -414 - -417. Suppose 2*v - 6*v - 1153 = -r*n, 5*n = 3*v + 1907. Is n prime?
True
Let o(b) = -3*b**2 - 7*b - 12. Let l be o(-3). Let j(h) = -h**3 - 22*h**2 - 2*h - 14. Let z be j(l). Let w = z - -2635. Is w composite?
False
Suppose 113 = 9*u - 5*u - 3*g, 4*u - 2*g = 110. Suppose -25*o + u*o = 1133. Is o a prime number?
False
Let s = 51 + -40. Let h(d) = 81*d - 26. Is h(s) a prime number?
False
Let b = 58 - 53. Suppose -4*z + 368 = -4*g, 2*z = b*z - 5*g - 286. Suppose 5*c = f - z, 5*c + 524 - 206 = 4*f. Is f a composite number?
True
Let f(h) = -785*h**3 + 4*h**2 + 22*h - 9. Is f(-4) composite?
False
Suppose -5*z = -3*r + 2119473, -7*r + 11*r + 4*z = 2825900. Is r a prime number?
True
Let z = 23632 + 20301. Is z composite?
False
Suppose 15*c - 2*b - 3017967 = 3471464, 0 = -5*c - 4*b + 2163153. Is c composite?
True
Let d(z) = -8045*z**3 - 22*z**2 - 89*z + 7. Is d(-5) a prime number?
True
Is (-40)/(-35) + (-277291817)/(-553) composite?
True
Let t = 711251 + -440148. Is t composite?
True
Let q(n) be the third derivative of n**6/120 + 7*n**5/30 - 7*n**4/12 + 9*n**3/2 + 19*n**2. Is q(-14) composite?
False
Is (-861316*99/(-22))/6 prime?
False
Let y(p) = p**3 + 6*p**2 - 6*p + 17. Let z be y(-7). Suppose 0 = -z*m + 1245 + 7625. Is m a composite number?
False
Let x be (-14)/6*(-11 - -8). Suppose x = -i - 5*a, 3*a - 19 = -5*i + 5*a. Suppose -4*t = i*n - 1143, -69 = -3*n + 2*t + 1056. Is n composite?
True
Let q(u) = 175*u**2 + 23*u + 3. Let t be q(-5). Suppose 0 = 2*f + 2022 + 2662. Let d = f + t. Is d prime?
False
Suppose -2*h + 38 = 22. Is (-57)/(-228) + 328758/h a prime number?
False
Suppose -2*l + 4*y = -106630, -5*l - 15*y + 266455 = -10*y. Is l a prime number?
True
Let r be 11/3 + (-22)/(-66). Suppose -r*z + 25969 = 3*h, -3*h = 3*z - 7*z - 26009. Is h a composite number?
False
Suppose -r + 48 = -4*t, 150 = -r + 5*r + 5*t. Suppose 0 = 4*l + 4, -r*d + 35*d + 14632 = 3*l. Is d a prime number?
True
Suppose 0 = -23*k + 3375964 + 601495. Is k a composite number?
False
Let r(v) = -1000*v + 121. Let h(a) = -667*a + 81. Let o(w) = -7*h(w) + 5*r(w). Is o(-5) composite?
False
Suppose 347605 + 36249 = -16*f + 3056990. Is f prime?
True
Let b(i) = i**3 - 2*i**2 - 5*i - 2. Let u be b(4). Let m(z) = -10*z**2 + 6. Let v be m(4). Is 4094/u - (v/(-35) + -4) composite?
False
Let u = -2284 - -5888. Let g be (u - 4) + (-4)/(-2). Is g/10 - (-12)/15 prime?
False
Let a(b) = b**2 + 5*b - 15. Let d be a(-9). Let y = d + -8. Let i(f) = f**2 + 4*f - 10. Is i(y) prime?
True
Suppose 567 = 135*o - 138*o. Is 3/7 + (-387936)/o a composite number?
False
Let k = 135 - 147. Is 282/8 - (-3)/k composite?
True
Let s be ((-8)/(-2))/((-56)/84). Let f be s/15 - 62/(-5) - 0. Is 687/f*(4 - -1 - -7) a composite number?
True
Let b = 125 - 137. Let m(x) = 2*x**3 + 14*x**2 + 18*x + 2. Let d(h) = -h**3 - h**2 - h. Let j(n) = -d(n) - m(n). Is j(b) a composite number?
True
Let u(t) = 152515*t + 180. Is u(1) a prime number?
False
Let s(v) = -v**3 - 7*v**2 - 7*v - 3. Let n be s(-6). Suppose 202 = j + 4*x, j - 2*x = -n*x + 208. Suppose -d + j + 145 = 0. Is d a prime number?
False
Let y(m) = -21 - 2*m**2 + 5*m**2 - 39*m + 7 + 47*m. Let i be 30*((-14)/4 + 4). Is y(i) prime?
False
Suppose 15848062 = 29*y - 3*y + 48*y. Is y composite?
False
Suppose -24*k + 702004 - 565494 + 1924826 = 0. Is k prime?
True
Suppose 18*l + 531 = -1184 - 1651. Let p be 2 - (567 - (-1 - 0)). Let z = l - p. Is z composite?
False
Let w = 646127 - 326064. Is w a prime number?
True
Is 10903 - (2 + (6/12)/(1/6)) a prime number?
False
Let v = -2123 - -3830. Let w = -1030 + v. Is w prime?
True
Let h = 42 - 72. Let l be (6 - 1)*2*(-57)/h. Is (l/3)/((8/(-276))/(-2)) a composite number?
True
Let q = 721755 - 142376. Is q a composite number?
False
Suppose 3*f + 24 = -0*a + 5*a, 0 = 4*a + 2*f - 6. Suppose -a*u + 11 + 4 = 0. Suppose -u*j - 2*k - 3*k = -1445, 2*j = k + 590. Is j a prime number?
True
Suppose -2*z = 5*r - 71124, 3*r - 3 = 3. Suppose -9*q - z = -40*q. Is q a prime number?
False
Let r(z) = 1134*z**3 - 11*z**2 + 37*z - 141. Is r(7) a composite number?
False
Suppose 23*f - 21*f = 36662. Is f a composite number?
True
Suppose 0 = 12*r - 10*r - 2*w - 1724890, 0 = 5*r - 4*w - 4312225. Is r a composite number?
True
Let h(q) = -6*q**3 + 4*q**2 + 13*q - 11. Let d be h(10). Let l = 9518 + d. Is l composite?
True
Let s(g) = 380*g - 1. Suppose -5*q = 3*i - 15, q + 3*i - 15 = 2*q. Suppose -y + 2 = a, -y - y + 2*a + 8 = q. Is s(y) a composite number?
True
Suppose b + y - 264 = 5*y, -b = -y - 279. Let x = b - 136. Suppose 5*l + x = 713. Is l a prime number?
True
Let x(m) = -8*m**2 - m + 4 + m**3 + 23*m**2 - 13. Let k be x(-15). Suppose -k*u + 1759 = -2279. Is u a prime number?
True
Let q be (3/(-10))/((-366)/4880). Let i(v) = -5 - 2*v + 0*v + 5*v + 60*v**2. Is i(q) a prime number?
True
Let a = 9 - 15. Let m(y) = -10*y**3 + 15*y**2 + 8*y - 11. Let b(q) = -q**3 + 2*q**2 - q. Let h(g) = -5*b(g) + m(g). Is h(a) prime?
True
Let w = 4268 + -4259. Let t(d) = 16 - 5*d + 5 - 3*d**2 + 6*d**2. Is t(w) a prime number?
False
Suppose 0 = -j - y + 585, -4*j + 2890 = 3*y + 553. Let q = 893 - j. Is q a composite number?
False
Suppose 960 = q - 13335. Suppose -7*b + 4*b = q. Is (-4 + 3)/(5/b) prime?
True
Suppose -14*n + 16*n = 0. Suppose -2*f + 5*h + 13023 = n, -2*f + 2*h = -h - 13029. Let z = -3676 + f. Is z composite?
False
Suppose 2*q - 6*d = -11*d + 37238, 3*d = 5*q - 93033. Is q a composite number?
True
Let q(j) = -j**2 + 5*j + 53. Let w be q(11). Let d(i) = i**3 + 16*i**2 + 11*i - 9. Is d(w) composite?
True
Suppose 2*h + 129*n - 258481 = 134*n, 3*h - 387780 = n. Is h a prime number?
True
Let a = -1015 + 1654. Suppose -2549 = -4*f + a. Is f a composite number?
False
Let w(z) = -272*z - 213. Let j(k) = k - 3. Let g(p) = 6*j(p) - w(p). Is g(32) prime?
True
Is 1/(-5) - (365638/(-65) + 19) a prime number?
False
Let t(s) = 2*s + 40. Let q be (-21)/(-21) + -2*1*11. Let z be t(q). Is 2 - 54656/(-20) - z/10 a prime number?
False
Suppose 825555 - 5382936 + 314688 = -39*m. Is m composite?
True
Let j(a) = 128*a + 7. Let p(k) = 128*k + 7. Let z(g) = 3*j(g) - 2*p(g). Let r be (-1*(0 - -1))/(1/(-2)). Is z(r) a composite number?
False
Let d(v) be the first derivative of -450*v**2 - 33*v + 13. Let k(t) = -300*t - 11. Let s(l) = -6*d(l) + 17*k(l). Is s(5) prime?
True
Is 2*16/((-352)/(-1931941)) prime?
True
Let n be (34240/12)/5 - (-2)/(-3). Suppose n = -7*l + 12*l. Suppose -11*x - l = -7517. Is x prime?
True
Let h = -383 + 2229. Suppose 0*t - 2*n = 2*t - h, -4*n - 4579 = -5*t. Is t a composite number?
False
Let j = -90867 - -145774. Is j a composite number?
False
Let s be 3 - ((-4)/(-22) + 6758/(-22)). Let t be 7/(s/(-103) - -3). Let w = -230 - t. Is w composite?
False
Suppose -b - 2*l = -0*b - 2793, 0 = 5*b - l - 14009. Suppose -r - b = -7658. Is r a composite number?
True
Let u(t) = t**2 + 7*t - 14. Let j be u(-9). Suppose -4*w + 2 = -2*n, 4*w - j = n + 1. Is 3*(-1 + 2/n) - -2974 a composite number?
True
Let h(u) = u**2 + 2*u + 45. Let l be h(0). Let g be 3 + -3 + l/3. Is 4 + (1346/6)/(5/g) prime?
True
Let o(z) = 1063*z**2 - z + 277. Is o(7) a composite number?
True
Let t(k) = 29767*k**3 + 30*k**2 - 19*k + 29. Is t(2) prime?
True
Let c(x) = 50*x**2 - 141*x + 859. Is c(36) a prime number?
Fa